{"id":133,"date":"2017-07-18T21:27:38","date_gmt":"2017-07-18T21:27:38","guid":{"rendered":"http:\/\/www.icgg2018.polimi.it\/?page_id=133"},"modified":"2018-06-27T19:47:58","modified_gmt":"2018-06-27T19:47:58","slug":"sample-page-2-3","status":"publish","type":"page","link":"https:\/\/www.icgg2018.polimi.it\/?page_id=133","title":{"rendered":"Committees"},"content":{"rendered":"<p>[vc_row type=&#8221;full_width_background&#8221; full_screen_row_position=&#8221;middle&#8221; scene_position=&#8221;center&#8221; text_color=&#8221;dark&#8221; text_align=&#8221;left&#8221; top_padding=&#8221;5%&#8221; color_overlay=&#8221;#ffffff&#8221; overlay_strength=&#8221;1&#8243;][vc_column column_padding=&#8221;padding-2-percent&#8221; column_padding_position=&#8221;all&#8221; background_color_opacity=&#8221;1&#8243; background_hover_color_opacity=&#8221;1&#8243; column_shadow=&#8221;none&#8221; width=&#8221;1\/3&#8243; tablet_text_alignment=&#8221;default&#8221; phone_text_alignment=&#8221;default&#8221; column_border_width=&#8221;none&#8221; column_border_style=&#8221;solid&#8221;][split_line_heading]<\/p>\n<h2 style=\"color: #d4a502;\"><span style=\"color: #d4a502;\">Committees<\/span><\/h2>\n<p>[\/split_line_heading][vc_column_text]<\/p>\n<h5 style=\"color: #d4a502;\"><span style=\"color: #d4a502;\">Honorary Chairs<br \/>\n<\/span><\/h5>\n<p><strong>Otto R\u00f6schel<br \/>\n<\/strong><em>Outgoing President of the International Society for Geometry and Graphics &#8211; ISGG, Graz University of Technology, Austria<\/em><\/p>\n<p><strong>Vito Cardone<br \/>\n<\/strong><em>President in office of the Unione Italiana Disegno &#8211; UID, Universit\u00e0 degli Studi di Salerno, Italy<\/em>[\/vc_column_text][\/vc_column][vc_column column_padding=&#8221;padding-2-percent&#8221; column_padding_position=&#8221;all&#8221; background_color_opacity=&#8221;1&#8243; background_hover_color_opacity=&#8221;1&#8243; column_shadow=&#8221;none&#8221; width=&#8221;1\/3&#8243; tablet_text_alignment=&#8221;default&#8221; phone_text_alignment=&#8221;default&#8221; column_border_width=&#8221;none&#8221; column_border_style=&#8221;solid&#8221;][split_line_heading]<\/p>\n<h2 style=\"color: #fff;\"><span style=\"color: #fff;\">Chair<\/span><\/h2>\n<p>[\/split_line_heading][vc_column_text]<\/p>\n<h5 style=\"color: #d4a502;\"><span style=\"color: #d4a502;\">Chair<br \/>\n<\/span><\/h5>\n<p><strong>Yasushi Yamaguchi<br \/>\n<\/strong><em>President in office of the ISGG, The University of Tokyo, Japan<\/em>[\/vc_column_text][vc_column_text css=&#8221;.vc_custom_1530128588085{padding-top: 30px !important;}&#8221;]<\/p>\n<h5 style=\"color: #d4a502;\"><span style=\"color: #d4a502;\">Executive Chair<br \/>\n<\/span><\/h5>\n<p><strong>Luigi Cocchiarella<\/strong><br \/>\n<em>ISGG Director for Europe\/Near East\/Africa, Politecnico di Milano, Italy<\/em>[\/vc_column_text][\/vc_column][vc_column column_padding=&#8221;padding-2-percent&#8221; column_padding_position=&#8221;all&#8221; background_color_opacity=&#8221;1&#8243; background_hover_color_opacity=&#8221;1&#8243; column_shadow=&#8221;none&#8221; width=&#8221;1\/3&#8243; tablet_text_alignment=&#8221;default&#8221; phone_text_alignment=&#8221;default&#8221; column_border_width=&#8221;none&#8221; column_border_style=&#8221;solid&#8221;][split_line_heading]<\/p>\n<h2 style=\"color: #fff;\"><span style=\"color: #fff;\">Committees<\/span><\/h2>\n<p>[\/split_line_heading][vc_column_text]<\/p>\n<h5 style=\"color: #d4a502;\"><span style=\"color: #d4a502;\">Co-Chairs<\/span><\/h5>\n<p><strong>Baoling Han<\/strong><br \/>\n<em>ISGG Vice- President for Asia\/Australia\/Oceania, Beijing Institute of Technology, China<\/em><\/p>\n<p><strong>Ema Jurkin<\/strong><br \/>\n<em>ISGG Vice- President for Europe\/Near East\/Africa, University of Zagreb, Croatia<\/em><\/p>\n<p><strong>Aura Conci<\/strong><br \/>\n<em>ISGG Vice- President for North America\/South America, Universidade Federal Fluminense, Niteroi, Brazil<\/em>[\/vc_column_text][\/vc_column][\/vc_row][vc_row type=&#8221;full_width_background&#8221; full_screen_row_position=&#8221;middle&#8221; scene_position=&#8221;center&#8221; text_color=&#8221;dark&#8221; text_align=&#8221;left&#8221; top_padding=&#8221;5%&#8221; color_overlay=&#8221;#ffffff&#8221; overlay_strength=&#8221;1&#8243;][vc_column column_padding=&#8221;padding-2-percent&#8221; column_padding_position=&#8221;all&#8221; background_color_opacity=&#8221;1&#8243; background_hover_color_opacity=&#8221;1&#8243; column_shadow=&#8221;none&#8221; width=&#8221;1\/3&#8243; tablet_text_alignment=&#8221;default&#8221; phone_text_alignment=&#8221;default&#8221; column_border_width=&#8221;none&#8221; column_border_style=&#8221;solid&#8221;][split_line_heading]<\/p>\n<h2 style=\"color: #d4a502;\"><span style=\"color: #d4a502;\">Steering Committee<br \/>\n<\/span><\/h2>\n<p>[\/split_line_heading][vc_column_text]<\/p>\n<h5 style=\"color: #d4a502;\"><span style=\"color: #d4a502;\">Asia\/Australia\/Oceania<\/span><\/h5>\n<p><strong>Hirotaka Suzuki<\/strong><br \/>\n<em>ISGG Secretary and Treasurer in office, Kobe University, Japan<\/em><\/p>\n<p><strong>Kenjiro Suzuki<\/strong><br \/>\n<em>Former ISGG President, Professor Emeritus, The University of Tokyo, Japan<\/em><\/p>\n<p><strong>Emiko Tsutsumi<\/strong><br \/>\n<em>Former ISGG President, Otsuma Women\u2019s University, Tokyo, Japan<\/em>[\/vc_column_text][\/vc_column][vc_column column_padding=&#8221;padding-2-percent&#8221; column_padding_position=&#8221;all&#8221; background_color_opacity=&#8221;1&#8243; background_hover_color_opacity=&#8221;1&#8243; column_shadow=&#8221;none&#8221; width=&#8221;1\/3&#8243; tablet_text_alignment=&#8221;default&#8221; phone_text_alignment=&#8221;default&#8221; column_border_width=&#8221;none&#8221; column_border_style=&#8221;solid&#8221;][split_line_heading]<\/p>\n<h2 style=\"color: #fff;\"><span style=\"color: #fff;\">Steering Committee<br \/>\n<\/span><\/h2>\n<p>[\/split_line_heading][vc_column_text]<\/p>\n<h5 style=\"color: #d4a502;\"><span style=\"color: #d4a502;\">Europe\/Near East\/Africa<\/span><\/h5>\n<p><strong>Cornelie Leopold<br \/>\n<\/strong><em>Former ISGG Director, TU Kaiserslautern, Germany<\/em><\/p>\n<p><strong>Hans-Peter Schr\u00f6cker<br \/>\n<\/strong><em>ISGG Director, University of Innsbruck, Austria<\/em><\/p>\n<p><strong>Hellmuth Stachel<br \/>\n<\/strong><em>Editor in Chief of the Journal for Geometry and Graphics &#8211; JGG, University of Technology Vienna, Austria<\/em><\/p>\n<p><strong>Gunter Weiss<br \/>\n<\/strong><em>Former ISGG President, Technical University of Dresden, Germany<\/em><\/p>\n<p>[\/vc_column_text][\/vc_column][vc_column column_padding=&#8221;padding-2-percent&#8221; column_padding_position=&#8221;all&#8221; background_color_opacity=&#8221;1&#8243; background_hover_color_opacity=&#8221;1&#8243; column_shadow=&#8221;none&#8221; width=&#8221;1\/3&#8243; tablet_text_alignment=&#8221;default&#8221; phone_text_alignment=&#8221;default&#8221; column_border_width=&#8221;none&#8221; column_border_style=&#8221;solid&#8221;][split_line_heading]<\/p>\n<h2 style=\"color: #fff;\"><span style=\"color: #fff;\">Steering Committee<br \/>\n<\/span><\/h2>\n<p>[\/split_line_heading][vc_column_text]<\/p>\n<h5 style=\"color: #d4a502;\"><span style=\"color: #d4a502;\">North America\/South America<br \/>\n<\/span><\/h5>\n<p><strong>Ted Branoff<\/strong><br \/>\n<em>Former ISGG President, Illinois State University, Normal, USA<\/em><\/p>\n<p><strong>Frank Maxfield Croft<br \/>\n<\/strong><em>The Ohio State University, Columbus, USA<\/em><\/p>\n<p><strong>Eduardo Toledo Santos<\/strong><br \/>\n<em>ISGG Director, Sao Paulo University, Brazil<\/em>[\/vc_column_text][\/vc_column][\/vc_row][vc_row type=&#8221;full_width_background&#8221; full_screen_row_position=&#8221;middle&#8221; scene_position=&#8221;center&#8221; text_color=&#8221;dark&#8221; text_align=&#8221;left&#8221; top_padding=&#8221;5%&#8221; bottom_padding=&#8221;10%&#8221; color_overlay=&#8221;#ffffff&#8221; overlay_strength=&#8221;1&#8243;][vc_column column_padding=&#8221;padding-2-percent&#8221; column_padding_position=&#8221;all&#8221; background_color_opacity=&#8221;1&#8243; background_hover_color_opacity=&#8221;1&#8243; column_shadow=&#8221;none&#8221; width=&#8221;1\/2&#8243; tablet_text_alignment=&#8221;default&#8221; phone_text_alignment=&#8221;default&#8221; column_border_width=&#8221;none&#8221; column_border_style=&#8221;solid&#8221;][split_line_heading]<\/p>\n<h2 style=\"color: #d4a502;\"><span style=\"color: #d4a502;\">Program Committee<br \/>\n<\/span><\/h2>\n<p>[\/split_line_heading][vc_column_text]<\/p>\n<h5 style=\"color: #d4a502;\"><span style=\"color: #d4a502;\">International Board<\/span><\/h5>\n<p><strong>Naomi Ando<\/strong> <em>Hosei University, Tokyo, Japan<br \/>\n<\/em><strong>Gilson Braviano<\/strong> <em>President of the Associa\u00e7\u00e3o Brasileira de Express\u00e3o Gr\u00e1fica, Brazil<\/em><em><br \/>\n<\/em><strong>Fabiana Carbonari<\/strong> <em>Universidad Nacional de La Plata, Argentina<br \/>\n<\/em><strong>Larry Cooperman <\/strong><em>University of California Irvine, USA, and Open Education Consortium<br \/>\n<\/em><strong>Y\u00fcksel Demir <\/strong><em>Istanbul Technical University, Turkey<br \/>\n<\/em><strong>Magdalena Dragovic<\/strong> <em>University of Belgrade, Serbia<br \/>\n<\/em><strong>Douglas Dunham<\/strong> <em>University of Minnesota Duluth, USA<br \/>\n<\/em><strong>Sergio Gavino<\/strong> <em>Universidad de La Plata, Argentina<\/em><em><br \/>\n<\/em><strong>Georg Glaeser<\/strong> <em>University of Applied Arts, Vienna, Austria<br \/>\n<\/em><strong>Sonia Gorjanc<\/strong> <em>University of Zagreb, Croatia<br \/>\n<\/em><strong>Renata Gorska<\/strong> <em>Cracow University of Technology, Poland<br \/>\n<\/em><strong>Marco Hemmerling<\/strong> <em>Cologne University of Applied Sciences, Germany<br \/>\n<\/em><strong>Mikl\u00f3s Hoffmann<\/strong> <em>ISGG Director, Karoly Esterhazy College, Eger, Hungary<br \/>\n<\/em><strong>Manfred Husty<\/strong> <em>University of Innsbruck, Austria<br \/>\n<\/em><strong>Pedro Ant\u00f3nio Janeiro<\/strong><em> Universidade de Lisboa,\u00a0Portugal<br \/>\n<\/em><strong>Mine \u00d6zkar Kabak\u00e7io\u011flu <\/strong><em>Istanbul Technical University, Turkey<br \/>\n<\/em><strong>Michio Kato<\/strong> <em>The University of Tokyo, Japan<br \/>\n<\/em><strong>Ashraf Khattab<\/strong> <em>Ain Shams University, Cairo, Egypt<br \/>\n<\/em><strong>Kunio Kondo<\/strong> <em>Tokyo University of Technology, Japan<br \/>\n<\/em><strong>Rimvydas Krasauskas<\/strong> <em>Vilnius University, Lithuania<\/em><br \/>\n<strong>Sonja Krasic<\/strong> <em>University of Nis, Serbia<br \/>\n<\/em><strong>Daniel Lordick<\/strong> <em>Technical University of Dresden, Germany<br \/>\n<\/em><strong>Daiva Makuteniene<\/strong> <em>Vilnius Gediminas Technical University, Lithuania<br \/>\n<\/em><strong>Bhekie Mamba<\/strong> University<em>\u00a0of South Africa, Pretoria, South Africa<br \/>\n<\/em><strong>Michael Manevich<\/strong> <em>Ariel University Center of Samaria, Israel<br \/>\n<\/em><strong>Kazuko Mende<\/strong> <em>Joshibi University of Art and Design, Tokyo, Japan<br \/>\n<\/em><strong>Emil Molnar<\/strong> <em>Budapest University of Technology and Economics, Hungary<br \/>\n<\/em><strong>Zhendong Niu <\/strong><em>Beijing Institute of Technology, China<\/em><strong><br \/>\nBoris Odehnal<\/strong>\u00a0<em>Vienna\u00a0University of Applied Arts, Austria<br \/>\n<\/em><strong>Marius Paun<\/strong> <em>Transilvania University of Brasov, Romania<br \/>\n<\/em><strong>Jos\u00e9 Ignacio Rojas Sola <\/strong><em>Universidad de Ja\u00e9n, Spain<\/em><strong><br \/>\nPawel Rubinowicz<\/strong> <em>West Pomerian University of Technology Szczecin, Poland<br \/>\n<\/em><strong>Peeraya Sripian,<\/strong>\u00a0<em>ISGG Director, Shibaura Institute of Technology, Tokyo, Japan<br \/>\n<\/em><strong>Milena Stavric<\/strong> <em>Graz University of Technology, Austria<br \/>\n<\/em><strong>Tomohiro Tachi<\/strong> <em>ISGG Director, The University of Tokyo, Japan<br \/>\n<\/em><strong>Antonio \u00c1lvaro Tordesillas\u00a0<\/strong><em>Universidad de Valladolid,\u00a0 <\/em><em>Spain <\/em><em><br \/>\n<\/em><strong>Susana Toscano<\/strong> <em>President of the Asociaci\u00f3n Internacional de Matem\u00e1tica y Dise\u00f1o, Argentina<br \/>\n<\/em><strong>Daniela Velichova<\/strong> <em>Slovak University of Technology in Bratislava, Slovakia<br \/>\n<\/em><strong>Vera Viana<\/strong> <em>Universidade do Porto, Portugal<br \/>\n<\/em><strong>Krassimira Vlachkova<\/strong> <em>University of Sofia St. Kliment Ohridski, Bulgaria<br \/>\n<\/em><strong>Laszlo Voros<\/strong> <em>University of P\u00e9cs, Hungary<br \/>\n<\/em><strong>Srdjan Vukmirovic<\/strong> <em>University of Belgrade, Serbia<br \/>\n<\/em><strong>Norman Wildberger<\/strong> <em>ISGG Director, The University of New South Wales, Sydney, Australia<br \/>\n<\/em><strong>Cheng Liang Yee<\/strong><em>\u00a0ISGG Director, Sao Paulo University, Brazil<br \/>\n<\/em><strong>Emil Zagar<\/strong> <em>University of Ljubljana, Slovenia<\/em><em><br \/>\n<\/em><strong>Paul Zsombor-Murray<\/strong> <em>ISGG Director, McGill University, Montreal, Canada<\/em>[\/vc_column_text][\/vc_column][vc_column column_padding=&#8221;padding-2-percent&#8221; column_padding_position=&#8221;all&#8221; background_color_opacity=&#8221;1&#8243; background_hover_color_opacity=&#8221;1&#8243; column_shadow=&#8221;none&#8221; width=&#8221;1\/2&#8243; tablet_text_alignment=&#8221;default&#8221; phone_text_alignment=&#8221;default&#8221; column_border_width=&#8221;none&#8221; column_border_style=&#8221;solid&#8221;][split_line_heading]<\/p>\n<h2 style=\"color: #fff;\"><span style=\"color: #fff;\">Program Committee<br \/>\n<\/span><\/h2>\n<p>[\/split_line_heading][vc_column_text]<\/p>\n<h5 style=\"color: #d4a502;\"><span style=\"color: #d4a502;\">National Board<\/span><\/h5>\n<p><strong>Salvatore Barba<\/strong> <em>Universit\u00e0 degli Studi di Salerno<br \/>\n<\/em><strong>Stefano Bertocci<\/strong> <em>Universit\u00e0 di Firenze<br \/>\n<\/em><strong>Andrea Bonarini<\/strong> <em>Politecnico di Milano<br \/>\n<\/em><strong>Monica Bordegoni<\/strong> <em>Politecnico di Milano<br \/>\n<\/em><strong>Fausto Brevi<\/strong> <em>Politecnico di Milano<br \/>\n<\/em><strong>Raffaella Brumana <\/strong><em>Politecnico di Milano<br \/>\n<\/em><strong>Franca Cali\u00f2<\/strong> <em>Politecnico di Milano<br \/>\n<\/em><strong>Mario Centofanti<\/strong> <em>Universit\u00e0 di L\u2019Aquila<br \/>\n<\/em><strong>Michela Cigola<\/strong> <em>Universit\u00e0 di Cassino o del Lazio Meridionale<br \/>\n<\/em><strong>Sara Comai<\/strong> <em>Politecnico di Milano<br \/>\n<\/em><strong>Ugo Cosentino <\/strong><em>Universit\u00e0 di Milano Bicocca<br \/>\n<\/em><strong>Antonella Di Luggo <\/strong><em>Universit\u00e0 degli Studi di Napoli Federico II<br \/>\n<\/em><strong>Ruggero Eugeni <\/strong><em>Universit\u00e0 Cattolica del Sacro Cuore<\/em><em><br \/>\n<\/em><strong>Federico Fallavollita<\/strong> <em>Alma Mater Studiorum Universit\u00e0 di Bologna<br \/>\n<\/em><strong>Andrea Giordano\u00a0<\/strong><em>Universit\u00e0 degli Studi di Padova<\/em><strong><br \/>\nSimone Giostra<\/strong> <em>Politecnico di Milano<br \/>\n<\/em><strong>Gabriele Guidi<\/strong> <em>Politecnico di Milano<br \/>\n<\/em><strong>Sereno Innocenti <\/strong><em>Universit\u00e0 degli Studi di Brescia<br \/>\n<\/em><strong>Elena Ippoliti<\/strong> <em>Universit\u00e0 degli Studi di Roma La Sapienza<br \/>\n<\/em><strong>Marcella Lorenzi<\/strong> <em>Universit\u00e0 della Calabria<br \/>\n<\/em><strong>Elena Marchetti<\/strong> <em>Politecnico di Milano<br \/>\n<\/em><strong>Eugenio Morello<\/strong> <em>Politecnico di Milano<br \/>\n<\/em><strong>Roberto Notari <\/strong><em>Politecnico di Milano<br \/>\n<\/em><strong>Ingrid Paoletti<\/strong> <em>Politecnico di Milano<br \/>\n<\/em><strong>Nicola Pisacane<\/strong> <em>Universit\u00e0 degli Studi della Campania Luigi Vanvitelli<br \/>\n<\/em><strong>Andrea Rolando<\/strong> <em>Politecnico di Milano<br \/>\n<\/em><strong>Michela Rossi<\/strong> <em>Politecnico di Milano<br \/>\n<\/em><strong>Luisa Rossi Costa<\/strong> <em>Politecnico di Milano<br \/>\n<\/em><strong>Rossella Salerno<\/strong>\u00a0<em>Politecnico di Milano<br \/>\n<\/em><strong>Laura Tedeschini Lalli<\/strong> <em>Universit\u00e0 degli Studi Roma Tre<br \/>\n<\/em><strong>Graziano Mario Valenti<\/strong> <em>Universit\u00e0 degli Studi di Roma La Sapienza<br \/>\n<\/em><strong>Maurizio Stefano Vianello<\/strong> <em>Politecnico di Milano<\/em>[\/vc_column_text][split_line_heading]<\/p>\n<h2 style=\"color: #fff;\"><span style=\"color: #fff;\">Program Committee<br \/>\n<\/span><\/h2>\n<p>[\/split_line_heading][vc_column_text]<\/p>\n<h5 style=\"color: #d4a502;\"><span style=\"color: #d4a502;\">Organizing Board at Politecnico di Milano<\/span><\/h5>\n<p><strong>Giuseppe Amoruso, Raffaele Ardito, Alessandro Bianchi, Federico Alberto Brunetti, Cecilia Maria Bolognesi, Giuliana Cardani, Camilla Casonato<em>,<\/em><em>\u00a0<\/em>Claudio Umberto Comi, Dario Angelo Maria Coronelli, Carlo De Falco, Nicole De Togni, Damiano Cosimo Iacobone, Maria Pompeiana Iarossi, Paola Magnaghi <span lang=\"EN-GB\">Delfi<\/span><span lang=\"EN-GB\">no<\/span>, Giampiero Mele,\u00a0Marco Muscogiuri, Tullia Norando, Daniela Oreni, Daniele Giovanni Papi, Barbara Ester Adele Piga,\u00a0Matteo Giuseppe Romanato, Daniele Villa<\/strong>[\/vc_column_text][split_line_heading]<\/p>\n<h2 style=\"color: #fff;\"><span style=\"color: #fff;\">Program Committee<br \/>\n<\/span><\/h2>\n<p>[\/split_line_heading][vc_column_text]<\/p>\n<h5 style=\"color: #d4a502;\"><span style=\"color: #d4a502;\">Staff and Offices<\/span><\/h5>\n<p><strong>Cristina Giannetto<\/strong> <em>Communication Staff<br \/>\n<\/em><b>Gianluca Ferrante<\/b>\u00a0<i>Administration and Accounting Staff\u00a0&#8211; DASTU<br \/>\n<\/i><b><\/b><b>Gloria Paoluzzi<\/b> <i>Department Manager &#8211; DASTU<br \/>\n<\/i><strong>Susanna Sancassani<\/strong> <em>Support Service for Research and Innovation Didactics \u2013\u00a0METID<\/em>[\/vc_column_text][split_line_heading]<\/p>\n<h2 style=\"color: #fff;\"><span style=\"color: #fff;\">Program Committee<br \/>\n<\/span><\/h2>\n<p>[\/split_line_heading][vc_column_text]<\/p>\n<h5 style=\"color: #d4a502;\"><span style=\"color: #d4a502;\">Grant<br \/>\n<\/span><\/h5>\n<p>ICGG 2018 has been granted by the Department of Architecture and Urban Studies (DASTU). Department Head, <strong>Gabriele Pasqui<\/strong>[\/vc_column_text][\/vc_column][\/vc_row]<\/p>\n","protected":false},"excerpt":{"rendered":"<p>[vc_row type=&#8221;full_width_background&#8221; full_screen_row_position=&#8221;middle&#8221; scene_position=&#8221;center&#8221; text_color=&#8221;dark&#8221; text_align=&#8221;left&#8221; top_padding=&#8221;5%&#8221; color_overlay=&#8221;#ffffff&#8221; overlay_strength=&#8221;1&#8243;][vc_column column_padding=&#8221;padding-2-percent&#8221; column_padding_position=&#8221;all&#8221; background_color_opacity=&#8221;1&#8243; background_hover_color_opacity=&#8221;1&#8243; column_shadow=&#8221;none&#8221; width=&#8221;1\/3&#8243; tablet_text_alignment=&#8221;default&#8221; phone_text_alignment=&#8221;default&#8221; column_border_width=&#8221;none&#8221; column_border_style=&#8221;solid&#8221;][split_line_heading] Committees [\/split_line_heading][vc_column_text] Honorary Chairs Otto R\u00f6schel Outgoing President of the International Society for Geometry and Graphics &#8211; ISGG, Graz University of Technology, Austria Vito Cardone President in office of the Unione Italiana Disegno &#8211; UID, Universit\u00e0 [&hellip;]<\/p>\n","protected":false},"author":2,"featured_media":0,"parent":0,"menu_order":0,"comment_status":"closed","ping_status":"open","template":"","meta":{"footnotes":""},"class_list":["post-133","page","type-page","status-publish","hentry"],"_links":{"self":[{"href":"https:\/\/www.icgg2018.polimi.it\/index.php?rest_route=\/wp\/v2\/pages\/133","targetHints":{"allow":["GET"]}}],"collection":[{"href":"https:\/\/www.icgg2018.polimi.it\/index.php?rest_route=\/wp\/v2\/pages"}],"about":[{"href":"https:\/\/www.icgg2018.polimi.it\/index.php?rest_route=\/wp\/v2\/types\/page"}],"author":[{"embeddable":true,"href":"https:\/\/www.icgg2018.polimi.it\/index.php?rest_route=\/wp\/v2\/users\/2"}],"replies":[{"embeddable":true,"href":"https:\/\/www.icgg2018.polimi.it\/index.php?rest_route=%2Fwp%2Fv2%2Fcomments&post=133"}],"version-history":[{"count":33,"href":"https:\/\/www.icgg2018.polimi.it\/index.php?rest_route=\/wp\/v2\/pages\/133\/revisions"}],"predecessor-version":[{"id":753,"href":"https:\/\/www.icgg2018.polimi.it\/index.php?rest_route=\/wp\/v2\/pages\/133\/revisions\/753"}],"wp:attachment":[{"href":"https:\/\/www.icgg2018.polimi.it\/index.php?rest_route=%2Fwp%2Fv2%2Fmedia&parent=133"}],"curies":[{"name":"wp","href":"https:\/\/api.w.org\/{rel}","templated":true}]}}